
True
Suppose -376 = -2*z + 126. Is z composite?
False
Suppose -22 + 65 = -3*h + 5*t, 5*h - 3*t + 61 = 0. Let o = 25 + h. Is o a composite number?
True
Let y(j) = j**2 + 4*j - 8. Let x = 8 - 14. Let l be y(x). Suppose -4*i - l = 0, 4*w + 5*i - 16 = w. Is w a composite number?
False
Let d(k) = -k**2 - 2*k - 7. Let q be d(-6). Let s = 9 - q. Suppose -3*h = -3, 0 = 6*o - 3*o + h - s. Is o a prime number?
True
Let x = 9 - -53. Suppose 7*v - 3*v - 4*q = 124, -q + x = 2*v. Is v composite?
False
Let h(p) = -p**2 - 6*p + 2. Let m be h(-6). Suppose 0*q + 201 = -m*q - x, 2*q + 3*x = -199. Let o = -64 - q. Is o prime?
True
Let d(a) be the second derivative of 0*a**2 + 1/6*a**3 + a + 19/6*a**4 + 0. Is d(1) a composite number?
True
Let c(j) = -3*j + 2 + 0*j**3 - 4 - j**3 + 5*j**2. Let s be c(4). Suppose s*h = -y - y + 14, -y = 3*h - 1. Is y a composite number?
True
Is 250 - (0 - 2) - 1 a composite number?
False
Let l(t) = -t**2 - 12*t + 15. Suppose -4 = -v - 0. Suppose -v*n = -i + 43, -2 - 66 = 4*n + 4*i. Is l(n) composite?
True
Let j = 6 + -2. Suppose -h - 13 = -t - 3*h, j*t = -h + 17. Is t a prime number?
True
Let t = -244 - -2079. Is t prime?
False
Let y(n) = 2*n**2 - 3*n - 10. Is y(-19) prime?
True
Suppose -17 = 4*w + 15. Let g = w + 27. Is g a composite number?
False
Suppose -3 = -h + 2*j, 2*h = 6*h + 3*j - 56. Let q be 4/(-10) + 2/5. Suppose q = 2*w - 31 + h. Is w a prime number?
False
Let g be (-2)/4 - (-389)/2. Suppose 0 = 5*j + 3*d - 485, 3*j - j - g = -d. Is j prime?
True
Suppose 0 = 3*f + 295 - 1246. Is f composite?
False
Let a(s) = s + 3. Let g be a(0). Let b(w) = -27*w + 5. Let d be b(-4). Suppose g*h - 46 = d. Is h composite?
False
Suppose -770 = -4*d + 434. Is d prime?
False
Let h = 2 + 1. Suppose h*l + l = 8. Suppose -p - 201 = -3*d, -l*d - 3*p = -7*p - 134. Is d composite?
False
Let p(c) be the second derivative of c**3/3 - 3*c**2/2 + 3*c. Let n be p(11). Let o = n - 6. Is o a prime number?
True
Suppose 0*z - 4 = -z. Suppose -10 = z*f + 10. Let b = f + 15. Is b composite?
True
Suppose 2*v + 0 - 20 = 0. Suppose 0 = 4*j + 4*t + 8, 3*j - 8 - v = 3*t. Suppose -3*z = j*z - 110. Is z prime?
False
Suppose 0 = 4*m - 2*x - 6770, 0 = m - 2*x - 402 - 1289. Is m prime?
True
Let o(f) = 18*f - 1. Let j be 0 + -2 - -4 - -1. Is o(j) composite?
False
Let q be 3*6/(-9) - -138. Let k = -9 - -15. Suppose 4*w + 2*l + q = k*w, -332 = -5*w - 3*l. Is w composite?
False
Suppose 2*d - v = 2302, -2*v = 5*d - 1312 - 4443. Is d a prime number?
True
Let b(n) = 3*n + 45. Let c be b(-14). Suppose 4*w = -0*w + 8. Suppose d = 3*p - 646, -w*d = -6*p + c*p + 647. Is p a composite number?
True
Suppose 0 = 5*i - 12 + 2. Is 2756/24 + i/12 composite?
True
Let u = -3 - -4. Suppose -2*b = -5 - u. Suppose -b*o = -0*o - 39. Is o a composite number?
False
Let p be (-3)/((-2)/(-4)*-3). Let b(c) = -c**2 + 3*c - 2. Let l be b(p). Suppose 7*m - 74 = -y + 6*m, l = 5*y + 4*m - 365. Is y composite?
True
Let t = 6 - 3. Suppose t = v + 1. Is ((-5)/v - 1)*-22 composite?
True
Let n = 39 + 37. Suppose -16 = 4*h, -7*b = -4*b + 4*h - 8. Suppose -b*f + 4*f = -n. Is f composite?
False
Suppose 5*v - 623 = -68. Is v a prime number?
False
Let s = 476 + 1155. Is s composite?
True
Is (4 + 119 - 1) + -3 prime?
False
Let n(c) = 0 + 2 + 32*c - 1 - 2. Is n(6) a prime number?
True
Suppose 3*n = 2*h + 311, 3*h + 0*n = n - 463. Let m = h - -232. Let z = 117 - m. Is z prime?
False
Let t(h) be the first derivative of -9*h**2/2 - 19*h - 5. Is t(-8) prime?
True
Let s(f) be the second derivative of 149*f**4/12 - 4*f. Is s(1) prime?
True
Let u(d) = 7*d**3 + 2*d**2 + d. Let r be u(-1). Is (r + -1)/((-1)/13) a prime number?
False
Let c(w) = 0*w + 10*w + 13*w - 3 + 8*w. Is c(10) prime?
True
Let y = 8 + -7. Is (-1)/(y/(-254)*2) a composite number?
False
Let i = -2 - -5. Suppose 0 = -3*m - m - 2*g + 300, -3*g - 243 = -i*m. Is m prime?
False
Let z = 4 - 11. Let j = -4 - z. Suppose j*x = 2*w - 9, 0 = -2*w + 2*x + 17 - 5. Is w a composite number?
True
Suppose -3699 = -5*r - 334. Is r a prime number?
True
Is (-10)/(-5)*(-371)/(-2) a composite number?
True
Let r be (88/6)/(7/147). Suppose -3*c + 121 = -r. Is c a composite number?
True
Is -79*(0/1 - 2) prime?
False
Let q be 1/((-10)/(-4) + -2). Suppose -q*d = -5*a - d - 275, -a = 4*d + 76. Let j = 267 + a. Is j composite?
False
Suppose -20 = n + 5. Let s = -10 - n. Is s a composite number?
True
Suppose -4*s - 2*k + 6 = 0, 5*s - 4 - 10 = 4*k. Let z be 1 + s/4*-2. Let p(c) = c**2 + c + 7. Is p(z) prime?
True
Let f(h) = -3*h - 4. Let c be f(-4). Let n(p) = 2*p + 7. Let o be n(c). Let s = 46 - o. Is s a composite number?
False
Suppose -8 = -3*m - 5. Is ((-1257)/12)/(m/(-4)) a composite number?
False
Suppose 0 = 3*c - 12, 5*b - 2*c = -6*c + 36. Suppose b*t - 203 = 53. Suppose -7*z - 2*a = -2*z - t, -z - 3*a = -5. Is z a prime number?
False
Suppose 92 = -4*k + 2*h + 676, -k + 3*h = -136. Let v = k - 90. Is v prime?
False
Let t = 3 - 72. Suppose -5*a = -4*a + 2. Let o = a - t. Is o a prime number?
True
Let d(j) = j + 11. Let n be d(-17). Let z be (-15)/4 - 2/8. Let w = z - n. Is w a prime number?
True
Suppose 2*s - 20 = 878. Is s a prime number?
True
Let h(d) = 23*d - 4. Is h(7) a prime number?
True
Suppose 5*d - 3*w = 114, 4*d + 5*w = d + 82. Suppose d = 5*p - q, 24 = 4*p - 4*q - 8. Suppose -889 = -3*a - 2*j, a + p*j + j - 318 = 0. Is a composite?
False
Let t(j) = 5*j**2 + 3*j + 5. Let f be (4 + -1)/(18/30). Let y be t(f). Suppose -187 = -4*l + y. Is l a composite number?
False
Suppose -z = -3*f - 346, f - 1432 = -4*z - 3*f. Is z a composite number?
True
Suppose -4*b - 5*y = 827 - 5012, -2115 = -2*b + 5*y. Suppose 0 = -v + b - 131. Is v a prime number?
True
Let v be -11 - (2 + -4) - -3. Suppose 138 + 450 = 3*l. Is (l/v)/((-6)/9) a composite number?
True
Let x(t) = -t - 4. Let o be x(-7). Suppose 0*z + 403 = 3*u - 5*z, 2*z + 397 = o*u. Is u a prime number?
True
Let j be 12/(-2)*(-42)/1. Let w = j + -73. Is w a prime number?
True
Suppose 10*d - 186 = 7*d. Let v be 0 - 11 - 1*-2. Let m = d + v. Is m a prime number?
True
Suppose h + g + 5 = -2*g, -5*h + 32 = -4*g. Suppose -102 = -2*o + n, -h*o + 104 = 4*n - 124. Is o a prime number?
True
Let x(y) = 2*y**2 + 4*y - 5. Let g(s) = -2*s**3 + 2*s**2 + 2. Let r be g(2). Is x(r) a prime number?
True
Let b = -46 - -26. Let g = 42 + b. Is g a composite number?
True
Suppose -5*q - 5 = 0, 0 = t - 4*q - 142 - 1811. Is t a composite number?
False
Let f(n) = 2*n**3 + 17*n**2 + 2*n + 23. Let r(d) = d**3 + 8*d**2 + d + 11. Let s(h) = 3*f(h) - 7*r(h). Suppose -13*l - 24 = -9*l. Is s(l) a composite number?
True
Suppose 3*c = 2*c. Suppose c = -3*d + 2*d + 31. Is d a composite number?
False
Suppose -2*u = -4*p - 374, 6*u - 2*u + 80 = -p. Let j = p + -17. Let z = 164 + j. Is z a composite number?
True
Let q = -443 - -856. Is q a prime number?
False
Let m(b) = -2 - 2*b**2 - b + 7 + 3*b**2. Is m(9) composite?
True
Let k(w) = -w**2 - 5*w - 4. Let s be k(-4). Suppose -x + 11 = d - 4*x, -4*d + 5*x + 23 = s. Suppose 0 = 2*l + d*l - 132. Is l a composite number?
True
Suppose 5*w + 9 = 2*w + 3*i, -5*i = 4*w - 33. Suppose 15 = f + w*f. Suppose f = 2*d - 1. Is d a prime number?
True
Suppose -2*k - k = 5*x - 14, 4*k = -4*x + 8. Suppose u + x*j - 71 = -18, 3*u = j + 94. Is u a composite number?
True
Is (259/(-2))/((-1)/2) a prime number?
False
Suppose -2*s = -0*s - 16. Let h(z) = z**2 - 8*z. Let l be h(s). Suppose l = -5*w + 298 + 97. Is w composite?
False
Let a(o) = 142*o**2 + 1. Let r be a(-1). Suppose -r = 4*c - 5*y - 26, 5*y + 44 = -3*c. Let v = 56 + c. Is v a prime number?
False
Is ((-614)/8)/((-4)/16) composite?
False
Let b(y) = 808*y**2 - 4*y - 3. Is b(-1) prime?
True
Suppose -2*o + 4786 = o - z, -5*z - 6363 = -4*o. Is o composite?
False
Let o = 212 - -316. Let u = -347 + o. Is u a composite number?
False
Suppose 7*w - 3*w = 60. Suppose -2*b + 4*j = -214, 2*j - w = -3*j. Suppose -3*v - 11 + b = 0. Is v a prime number?
False
Suppose 2*q + 3905 = v, 0 = 2*v - 3*q + 4*q - 7815. Is v a composite number?
False
Suppose -5*l = -l + 136. Let j be l/4 + (-5)/10. Let w = 98 + j. Is w prime?
True
Suppose 4*t + 0*t - 40 = 0. Is (-1 + 39)*65/t a prime number?
False
Let v(z) = z**3 + 5*z**2 + 4*z - 1. Let o = -7 - -4. Let n be v(o). Suppose -5*y = -n*c + 839 + 216, -1087 =